{"id":2083,"date":"2023-11-10T16:50:50","date_gmt":"2023-11-10T15:50:50","guid":{"rendered":"https:\/\/drone-video-photo.com\/?page_id=2083"},"modified":"2023-12-01T17:24:15","modified_gmt":"2023-12-01T16:24:15","slug":"tarifs-offres","status":"publish","type":"page","link":"https:\/\/drone-video-photo.com\/index.php\/tarifs-offres\/","title":{"rendered":"Tarifs-Offres"},"content":{"rendered":"\t\t<div data-elementor-type=\"wp-page\" data-elementor-id=\"2083\" class=\"elementor elementor-2083\">\n\t\t\t\t\t\t<section class=\"elementor-section elementor-top-section elementor-element elementor-element-1e01d65 elementor-section-boxed elementor-section-height-default elementor-section-height-default\" data-id=\"1e01d65\" data-element_type=\"section\" data-e-type=\"section\">\n\t\t\t\t\t\t<div class=\"elementor-container elementor-column-gap-default\">\n\t\t\t\t\t<div class=\"elementor-column elementor-col-100 elementor-top-column elementor-element elementor-element-15c6ab6\" data-id=\"15c6ab6\" data-element_type=\"column\" data-e-type=\"column\">\n\t\t\t<div class=\"elementor-widget-wrap elementor-element-populated\">\n\t\t\t\t\t\t<div class=\"elementor-element elementor-element-84bb423 elementor-widget elementor-widget-heading\" data-id=\"84bb423\" data-element_type=\"widget\" data-e-type=\"widget\" data-widget_type=\"heading.default\">\n\t\t\t\t<div class=\"elementor-widget-container\">\n\t\t\t\t\t<h2 class=\"elementor-heading-title elementor-size-default\">Tarifs-Offres<\/h2>\t\t\t\t<\/div>\n\t\t\t\t<\/div>\n\t\t\t\t<section class=\"elementor-section elementor-inner-section elementor-element elementor-element-7cf5162 elementor-section-boxed elementor-section-height-default elementor-section-height-default\" data-id=\"7cf5162\" data-element_type=\"section\" data-e-type=\"section\">\n\t\t\t\t\t\t<div class=\"elementor-container elementor-column-gap-default\">\n\t\t\t\t\t<div class=\"elementor-column elementor-col-50 elementor-inner-column elementor-element elementor-element-a1a8760\" data-id=\"a1a8760\" data-element_type=\"column\" data-e-type=\"column\">\n\t\t\t<div class=\"elementor-widget-wrap elementor-element-populated\">\n\t\t\t\t\t\t<div class=\"elementor-element elementor-element-5942b7b elementor-widget elementor-widget-image\" data-id=\"5942b7b\" data-element_type=\"widget\" data-e-type=\"widget\" data-widget_type=\"image.default\">\n\t\t\t\t<div class=\"elementor-widget-container\">\n\t\t\t\t\t\t\t\t\t\t\t\t\t\t\t<img fetchpriority=\"high\" decoding=\"async\" width=\"2560\" height=\"1863\" src=\"https:\/\/drone-video-photo.com\/wp-content\/uploads\/2023\/11\/DRONE-VIDEO-PHOTOS-AERIENNES_V2-scaled.jpg\" class=\"attachment-full size-full wp-image-2085\" alt=\"\" srcset=\"https:\/\/drone-video-photo.com\/wp-content\/uploads\/2023\/11\/DRONE-VIDEO-PHOTOS-AERIENNES_V2-scaled.jpg 2560w, https:\/\/drone-video-photo.com\/wp-content\/uploads\/2023\/11\/DRONE-VIDEO-PHOTOS-AERIENNES_V2-scaled-600x437.jpg 600w, https:\/\/drone-video-photo.com\/wp-content\/uploads\/2023\/11\/DRONE-VIDEO-PHOTOS-AERIENNES_V2-300x218.jpg 300w, https:\/\/drone-video-photo.com\/wp-content\/uploads\/2023\/11\/DRONE-VIDEO-PHOTOS-AERIENNES_V2-1024x745.jpg 1024w, https:\/\/drone-video-photo.com\/wp-content\/uploads\/2023\/11\/DRONE-VIDEO-PHOTOS-AERIENNES_V2-768x559.jpg 768w, https:\/\/drone-video-photo.com\/wp-content\/uploads\/2023\/11\/DRONE-VIDEO-PHOTOS-AERIENNES_V2-1536x1118.jpg 1536w, https:\/\/drone-video-photo.com\/wp-content\/uploads\/2023\/11\/DRONE-VIDEO-PHOTOS-AERIENNES_V2-2048x1490.jpg 2048w\" sizes=\"(max-width: 2560px) 100vw, 2560px\" \/>\t\t\t\t\t\t\t\t\t\t\t\t\t\t\t<\/div>\n\t\t\t\t<\/div>\n\t\t\t\t\t<\/div>\n\t\t<\/div>\n\t\t\t\t<div class=\"elementor-column elementor-col-50 elementor-inner-column elementor-element elementor-element-eb4b83d\" data-id=\"eb4b83d\" data-element_type=\"column\" data-e-type=\"column\">\n\t\t\t<div class=\"elementor-widget-wrap elementor-element-populated\">\n\t\t\t\t\t\t<div class=\"elementor-element elementor-element-21883db elementor-widget elementor-widget-text-editor\" data-id=\"21883db\" data-element_type=\"widget\" data-e-type=\"widget\" data-widget_type=\"text-editor.default\">\n\t\t\t\t<div class=\"elementor-widget-container\">\n\t\t\t\t\t\t\t\t\t<p><a href=\"https:\/\/drone-video-photo.com\/index.php\/boutique\/\">B<b>outique (produits, cartes cadeaux, promos)<\/b><\/a><\/p>\n<hr>\n<p><u><b>O<\/b>f<b>fres pour les particuliers* :<\/b><\/u><\/p>\n<p>-Offre Pack de <b>5 photos<\/b> a\u00e9riennes haute r\u00e9solution, format num\u00e9rique :<\/p>\n<p>5<b>0\u20ac<\/b><\/p>\n<p style=\"font-size: 16px; font-style: normal; font-weight: 400;\">-Offre Pack de&nbsp;<span style=\"font-weight: bold;\">10 photos<\/span>&nbsp;a\u00e9riennes haute r\u00e9solution, format num\u00e9rique :<\/p>\n<p style=\"font-size: 16px; font-style: normal; font-weight: 400;\"><span style=\"font-weight: bold;\">70\u20ac<\/span><\/p>\n<p>-Offre Vid\u00e9o a\u00e9rienne 4K (montage compris)* :<\/p>\n<p>1<b> minute : 90\u20ac<\/b><\/p>\n<p><span style=\"font-style: inherit; font-weight: inherit; background-color: var( --e-global-color-astglobalcolor7 ); color: var(--ast-global-color-3);\">2<\/span><span style=\"font-style: inherit; background-color: var( --e-global-color-astglobalcolor7 ); color: var(--ast-global-color-3);\"><b> minutes : 130\u20ac<\/b><\/span><\/p>\n<p><span style=\"font-style: inherit; font-weight: inherit; background-color: var( --e-global-color-astglobalcolor7 ); color: var(--ast-global-color-3);\">3<\/span><span style=\"font-style: inherit; background-color: var( --e-global-color-astglobalcolor7 ); color: var(--ast-global-color-3);\"><b> minutes : 150\u20ac.<\/b><\/span><\/p>\n<p><b style=\"color: var(--ast-global-color-3); font-style: inherit;\">C<\/b><span style=\"color: var(--ast-global-color-3); font-style: inherit;\"><b>onsulter la boutique du site pour commander :<\/b><\/span><\/p><p><span style=\"color: var(--ast-global-color-3); font-style: inherit;\"><b><a href=\"https:\/\/drone-video-photo.com\/index.php\/boutique\/\">Boutique (produits, cartes cadeaux, promos)<\/a><\/b><\/span><\/p>\n<p><b style=\"color: var(--ast-global-color-3); font-style: inherit; background-color: var( --e-global-color-astglobalcolor7 );\">&nbsp;<\/b><u style=\"font-style: inherit; background-color: var( --e-global-color-astglobalcolor7 ); color: var(--ast-global-color-3);\"><b>O<\/b><\/u><b style=\"font-style: inherit; background-color: var( --e-global-color-astglobalcolor7 ); color: var(--ast-global-color-3);\"><u>ffres pour les professionnels :&nbsp;<\/u><\/b><\/p>\n<p><b>N<\/b><b style=\"font-style: inherit; background-color: var( --e-global-color-astglobalcolor7 ); color: var(--ast-global-color-3);\">ous consulter. Tarifs comp\u00e9titifs.<\/b><\/p>\n<p>*<b>Frais de mission (traitement des autorisations de vol, d\u00e9placements) :<\/b> <b>15\u20ac <\/b>sur les sites de la communaut\u00e9 urbaine de Bordeaux. Autres : nous consulter.<\/p>\t\t\t\t\t\t\t\t<\/div>\n\t\t\t\t<\/div>\n\t\t\t\t\t<\/div>\n\t\t<\/div>\n\t\t\t\t\t<\/div>\n\t\t<\/section>\n\t\t\t\t\t<\/div>\n\t\t<\/div>\n\t\t\t\t\t<\/div>\n\t\t<\/section>\n\t\t\t\t<\/div>\n\t\t","protected":false},"excerpt":{"rendered":"<p>Tarifs-Offres Boutique (produits, cartes cadeaux, promos) Offres pour les particuliers* : -Offre Pack de 5 photos a\u00e9riennes haute r\u00e9solution, format num\u00e9rique : 50\u20ac -Offre Pack de&nbsp;10 photos&nbsp;a\u00e9riennes haute r\u00e9solution, format num\u00e9rique : 70\u20ac -Offre Vid\u00e9o a\u00e9rienne 4K (montage compris)* : 1 minute : 90\u20ac 2 minutes : 130\u20ac 3 minutes : 150\u20ac. Consulter la boutique &hellip;<\/p>\n<p class=\"read-more\"> <a class=\"\" href=\"https:\/\/drone-video-photo.com\/index.php\/tarifs-offres\/\"> <span class=\"screen-reader-text\">Tarifs-Offres<\/span> Lire la suite\u00a0\u00bb<\/a><\/p>\n","protected":false},"author":1,"featured_media":0,"parent":0,"menu_order":0,"comment_status":"closed","ping_status":"closed","template":"","meta":{"_uag_custom_page_level_css":"","site-sidebar-layout":"no-sidebar","site-content-layout":"page-builder","ast-global-header-display":"","ast-banner-title-visibility":"","ast-main-header-display":"","ast-hfb-above-header-display":"","ast-hfb-below-header-display":"","ast-hfb-mobile-header-display":"","site-post-title":"disabled","ast-breadcrumbs-content":"","ast-featured-img":"disabled","footer-sml-layout":"","theme-transparent-header-meta":"","adv-header-id-meta":"","stick-header-meta":"","header-above-stick-meta":"","header-main-stick-meta":"","header-below-stick-meta":"","footnotes":""},"class_list":["post-2083","page","type-page","status-publish","hentry"],"aioseo_notices":[],"uagb_featured_image_src":{"full":false,"thumbnail":false,"medium":false,"medium_large":false,"large":false,"1536x1536":false,"2048x2048":false,"woocommerce_thumbnail":false,"woocommerce_single":false,"woocommerce_gallery_thumbnail":false},"uagb_author_info":{"display_name":"Drone-Vid\u00e9o-Photo","author_link":"https:\/\/drone-video-photo.com\/index.php\/author\/admin7870\/"},"uagb_comment_info":0,"uagb_excerpt":"Tarifs-Offres Boutique (produits, cartes cadeaux, promos) Offres pour les particuliers* : -Offre Pack de 5 photos a\u00e9riennes haute r\u00e9solution, format num\u00e9rique : 50\u20ac -Offre Pack de&nbsp;10 photos&nbsp;a\u00e9riennes haute r\u00e9solution, format num\u00e9rique : 70\u20ac -Offre Vid\u00e9o a\u00e9rienne 4K (montage compris)* : 1 minute : 90\u20ac 2 minutes : 130\u20ac 3 minutes : 150\u20ac. Consulter la boutique\u2026","_links":{"self":[{"href":"https:\/\/drone-video-photo.com\/index.php\/wp-json\/wp\/v2\/pages\/2083","targetHints":{"allow":["GET"]}}],"collection":[{"href":"https:\/\/drone-video-photo.com\/index.php\/wp-json\/wp\/v2\/pages"}],"about":[{"href":"https:\/\/drone-video-photo.com\/index.php\/wp-json\/wp\/v2\/types\/page"}],"author":[{"embeddable":true,"href":"https:\/\/drone-video-photo.com\/index.php\/wp-json\/wp\/v2\/users\/1"}],"replies":[{"embeddable":true,"href":"https:\/\/drone-video-photo.com\/index.php\/wp-json\/wp\/v2\/comments?post=2083"}],"version-history":[{"count":41,"href":"https:\/\/drone-video-photo.com\/index.php\/wp-json\/wp\/v2\/pages\/2083\/revisions"}],"predecessor-version":[{"id":2322,"href":"https:\/\/drone-video-photo.com\/index.php\/wp-json\/wp\/v2\/pages\/2083\/revisions\/2322"}],"wp:attachment":[{"href":"https:\/\/drone-video-photo.com\/index.php\/wp-json\/wp\/v2\/media?parent=2083"}],"curies":[{"name":"wp","href":"https:\/\/api.w.org\/{rel}","templated":true}]}}